or of m and t.
6
Let l be 14 + -10 - 2/4*2. Let q = 4 - 2. Suppose 33 = o - 4*n, q*o - 3*n - 51 = -0*n. What is the greatest common factor of o and l?
3
Let x be ((-60)/(-18) + 0)*18/10. What is the greatest common divisor of x and 15?
3
Let n = 15 - 9. Let i be ((-1)/(-2))/((-3)/n). Let a(l) = -20*l**3 - 2*l**2 - l. Let s be a(i). Calculate the greatest common divisor of s and 76.
19
Let x = 178 - 97. Let o be (3/6*-2)/((-4)/36). Calculate the highest common divisor of o and x.
9
Let v = 0 - -3. Suppose v*w + w = 200. Suppose w = r - 7. Calculate the greatest common divisor of r and 38.
19
Let f be (-238)/(-18) - (-4)/(-18). Suppose 0 = -0*m - 3*m + 2*c + 308, 3*m - 316 = -2*c. What is the greatest common factor of f and m?
13
Let q(a) = -11*a - 5. Let k be q(-2). What is the highest common factor of 34 and k?
17
Let w(m) = -9*m - 3. Let h be w(-4). Calculate the highest common factor of h and 11.
11
Let s(z) = 5*z - 45. Let d be s(12). What is the greatest common divisor of d and 6?
3
Let v be (-2)/(-6) - (-3 - (-146)/(-3)). What is the highest common divisor of v and 13?
13
Let a(s) = -s**3 - 7*s**2 - 5*s. Let t be a(-6). Let r be 1/(-3) - 74/t. Calculate the highest common divisor of r and 84.
12
Suppose -2*x = -4*w - 62, -w = -5*w - 4. Calculate the greatest common factor of x and 232.
29
Suppose -4*s - 840 = -2*u - 2*u, -4*s - 4 = 0. Calculate the highest common factor of 19 and u.
19
Suppose -3*q = -8*q + 100. Calculate the greatest common divisor of 100 and q.
20
Suppose -s = 3*k - 221, -3*s - 1037 = -8*s + 2*k. What is the greatest common divisor of s and 19?
19
Suppose -5*t + 165 = -10. Calculate the greatest common divisor of 15 and t.
5
Suppose -95 = -4*q - 23. Suppose -5*r - w = -21, r + 5*w + 0 + 15 = 0. Let x be (-5)/r - (0 + -19). What is the greatest common factor of q and x?
18
Let x be (-1 - -1)/(0 + 2). Suppose 4*k - 4*z - 355 = -9*z, 4*z - 12 = x. Calculate the greatest common factor of k and 17.
17
Let v be -2 - (-2 + 1)*11. Suppose 0*b + 4*j = 2*b - 94, -3*b + 2*j = -137. Calculate the greatest common divisor of b and v.
9
Let w = 7 - -3. What is the greatest common factor of w and 10?
10
Let c(l) = -l + 6. Let x be c(2). Calculate the highest common factor of x and 28.
4
Suppose 0 = -4*z + 5*z - 10. Calculate the greatest common factor of 20 and z.
10
Let h be (-16)/(-4) - 2*-1. Calculate the greatest common factor of 30 and h.
6
Suppose -4*s + 4*i - 3*i = -526, -2*i = -4*s + 524. Calculate the greatest common divisor of 12 and s.
12
Suppose 2*v - 20 - 92 = 0. Suppose 7*s + i = 2*s + 70, s - 33 = -4*i. Let b = -5 + s. What is the greatest common factor of v and b?
8
Let y be 1/(4/316) - 4. Calculate the highest common divisor of y and 15.
15
Let o(l) = -l**3 + 13*l**2 + 13*l + 6. Let j be o(14). Let y be (j/12)/((-6)/45). What is the highest common factor of y and 25?
5
Suppose 2*r = -5*i - 3, 2*i - 2 = -3*r - 1. Let j = 9 - i. Calculate the highest common factor of j and 40.
10
Let x = 5 + 0. Suppose d + d = x*l + 137, 5 = -l. Let j = 28 - 20. Calculate the greatest common divisor of d and j.
8
Suppose d - 3*d + 24 = 0. What is the highest common divisor of 132 and d?
12
Suppose -2*f - 3*f - 11 = -3*p, -p = 4*f + 2. Let m be f + 2 + 0/(-6). Let g be m/((-23)/24 + 1). Calculate the greatest common factor of 3 and g.
3
Let i(r) be the second derivative of 0*r**2 + 0 + 7/6*r**3 - 1/12*r**4 - 2*r. Let h be i(3). What is the highest common divisor of h and 84?
12
Let n be -2*4*(-17 + 15). Calculate the highest common factor of 128 and n.
16
Let n(a) = -a. Let g be n(-1). Suppose -7*s + s + 24 = 0. Calculate the highest common divisor of g and s.
1
Suppose 0*f = -f + 13. Let d = -21 - -86. Calculate the highest common factor of f and d.
13
Let i be (-6)/4 + 1/(-2). Let n be ((-9)/(-2))/(i/(-16)). Suppose -s + n = 3*s. What is the greatest common factor of 9 and s?
9
Suppose -241 = 5*v - 76. Let r = 7 - v. Calculate the greatest common factor of r and 5.
5
Suppose -19*z = -3*y - 20*z + 22, 0 = -z + 4. Suppose 8*o = 3*i + 3*o - 97, -o = -3*i + 77. What is the highest common factor of i and y?
6
Suppose 0 = -r - r - 10, -3*k - r = -19. Let t be 30/4 - (-2)/4. Calculate the greatest common factor of t and k.
8
Let a be 6/(3/(-20)*2). Let t be ((-34)/(-8))/(5/a). Let j be (t - 1)*11/(-1). What is the greatest common factor of j and 18?
18
Let t(l) = l**3 + 8*l**2 + 3*l + 3. Let z be t(-6). What is the highest common factor of z and 38?
19
Let y(t) = t**3 - 2*t**2 - 3*t + 4. Let c be y(3). Suppose 3*b - c*k - 96 = -b, 0 = 3*b - 5*k - 72. What is the highest common divisor of 60 and b?
12
Suppose 4*p - 9 = p. Let j = 17 + p. Calculate the highest common divisor of j and 30.
10
Let q be (70/(-3))/((-5)/(-15)). Let z be (0 + -2)/(4/q). What is the greatest common divisor of z and 5?
5
Suppose -5*c - d = -8 - 70, 2*c - 2*d - 36 = 0. What is the highest common factor of c and 8?
8
Let w(i) = -i**3 + 6*i**2 + i - 3. Let r be w(6). Suppose 3*u = -r*j + 108, 5*u - 91 = -j + 105. Calculate the highest common divisor of 5 and u.
5
Suppose -3*c + 39 = -2*m, -m = 4*c - 3*m - 52. Calculate the highest common divisor of c and 91.
13
Suppose -15*j = -18*j + 4*i + 50, 0 = j - 4*i - 30. What is the highest common factor of 6 and j?
2
Let v = 93 - 53. What is the highest common divisor of v and 40?
40
Suppose 3*l + 2*s = -2*s + 383, -3*s = 4*l - 506. Let f = l + -53. Calculate the highest common factor of f and 18.
18
Let o(n) = -9*n - n**2 + 0*n**2 + 3*n - 6. Let w be o(-4). Suppose w*m = 6 - 0. What is the highest common factor of m and 33?
3
Let c be 0 + (-3)/6*-10. What is the greatest common factor of 1 and c?
1
Let r(j) be the second derivative of -j + j**2 + 2/3*j**3 + 1/3*j**4 + 0. Let f be r(-2). Calculate the greatest common factor of f and 10.
10
Suppose -2*x - 2*x + 16 = 0. Let z be (-1 + x)/(3/2). Let w = -252 - -274. What is the greatest common factor of w and z?
2
Let n = 1 + 11. Let d = 4 - 1. What is the highest common divisor of n and d?
3
Let i be (-2716)/(-2 - 2) + -4. Suppose 0 = -12*c + 17*c - i. What is the highest common factor of 54 and c?
27
Let g(j) = j + 13. Let z be g(-9). Let i(s) = -4*s - 3. Let r be i(-3). Let h = r - 5. What is the greatest common divisor of z and h?
4
Suppose y - 8 - 10 = 0. Calculate the greatest common factor of y and 198.
18
Let k be 18/(-4)*(-2 - 4). Let p = -49 + k. Let r = -6 - p. What is the highest common factor of 144 and r?
16
Suppose -3*z + 2*w = -99, 4*z - 190 = -z - 5*w. Calculate the highest common divisor of z and 70.
35
Let q be 12/(-8)*(-40)/6. Suppose 2*w = -3*w + q. What is the highest common factor of 14 and w?
2
Let j(y) = -y + 2. Let q be j(2). Suppose q*g - 5*g = -60. Let k be (-48)/(-21) - 4/14. Calculate the highest common divisor of k and g.
2
Let p(v) = 2*v + 3. Let z be p(-5). Let l(c) = c**3 + 6*c**2 - 6*c + 10. Let w be l(z). Calculate the highest common divisor of 9 and w.
3
Let a(f) be the second derivative of f**4/12 + f**3/3 + f**2 - 3*f. Let s be a(-4). Calculate the greatest common divisor of s and 30.
10
Let m be (0 - 0)/((-10)/5). Suppose m = -0*w - 3*w + 6. Suppose -w*r = -3*r + 13. Calculate the greatest common factor of r and 26.
13
Let v = -7 + -2. Let o(n) = n + 11. Let x be o(v). Suppose x*z - 48 = -0*z. Calculate the greatest common factor of z and 72.
24
Let j be 23 + -1 - 4/2. Suppose -4*p + 3*r + 27 = -188, -4*r - 20 = 0. What is the greatest common factor of p and j?
10
Suppose -3*k + 0*j = -2*j - 11, 0 = 2*k - 4*j + 6. Let p be 2 - (0 + -8 + -2). Suppose -2*g = -p - 30. What is the greatest common divisor of g and k?
7
Let i be 12/((45/(-12))/(-5)). Calculate the highest common factor of 2 and i.
2
Let i = -10 + 26. Suppose 2*n - 5*n + 3*j + 15 = 0, j - 19 = -2*n. Calculate the greatest common divisor of i and n.
8
Let g = 5 + 3. Let x(c) = 5*c - 10. Let t be x(g). Calculate the greatest common divisor of 3 and t.
3
Let o be (-63)/1*10/(-15). Suppose o - 2 = 4*i. Calculate the greatest common factor of 10 and i.
10
Let c = 1 - -1. Let z be (5 + 17)/(1/1). What is the greatest common divisor of z and c?
2
Let x(u) = 1 - 8*u - 1. Let o be x(-12). Suppose -5 = 4*m - 53. Calculate the greatest common factor of o and m.
12
Suppose -142 = -4*g + 58. 